(j) = -4*j**3 - 2*j**2 + 9*j. Let a(y) = 17*y**3 + 7*y**2 - 37*y - 1. Let k(u) = 2*a(u) + 9*f(u). Is k(m) a prime number?
True
Let x(v) = -12*v - 17. Let t be x(-12). Let z = -69 + t. Is z a prime number?
False
Suppose -5*p + 1331 = -3*g, -g - 393 - 60 = -4*p. Let t = 990 + g. Is t composite?
True
Let l be 1 + (-1 + 1 - 1). Suppose l = 4*u - 3*n + 2*n - 93, 43 = 2*u + 3*n. Suppose u = -5*k + 508. Is k a composite number?
False
Let s(h) = h**2 - 4*h - 5. Let v be s(5). Suppose -4*y + 0*y + 68 = v. Suppose -2*n + y = -1. Is n composite?
True
Let b(o) = o**3 - o**2 - 4*o + 3. Suppose -2*p - 1 = -4*i - 5, 2*p = 5*i + 7. Let k be b(p). Let v = k - -99. Is v prime?
False
Let r(t) = -5 - t + 1 - 4 - 4. Let c be r(-10). Is c*1*47/(-2) a composite number?
False
Let v = -38 - -367. Is v prime?
False
Let u = -4 - -6. Suppose -2*t = 2*b - u, 0 = -2*b + 7*t - 3*t + 26. Suppose d + b*l = 85 - 16, 83 = d - 2*l. Is d prime?
True
Is (1 - -1) + 4214 + -15 composite?
False
Suppose 2*a + 8 + 10 = 0. Let l = 10 - a. Is l prime?
True
Suppose 0 = -3*a + 15, t - 27 = 2*a - 0*a. Is t composite?
False
Suppose -4*d - 465 = -5*d. Let q = -172 + d. Is q a prime number?
True
Let l(n) = n + 1. Let r(p) = -p - 7. Let s be r(-5). Let b be l(s). Is (-23)/b*(1 - 0) a composite number?
False
Let k = 3 - 3. Suppose k = -4*t - 108 + 392. Is t a prime number?
True
Suppose 3*y + 0*y = 0. Suppose 2*c - 240 + 18 = y. Is c a composite number?
True
Suppose t + 78 + 77 = 0. Let k = t + 217. Is k a prime number?
False
Suppose 3*w = -0 + 3. Let b = w - -2. Is (-19*1)/(2 - b) composite?
False
Let n be (-143)/3 + (-2)/(-3). Let u = -316 - -211. Let v = n - u. Is v prime?
False
Let q(h) = h**3 - 4*h**2 - 5*h - 5. Is q(8) composite?
False
Let v be (-2)/(-10) + (-5852)/35. Let h = 236 + v. Is h prime?
False
Let g(v) = -v**2 + 2*v - 1. Let z be g(1). Let q be z/(-4 + 1) + 14. Is 4/q - (-2609)/7 composite?
False
Let k be (-2)/(-5)*(-4850)/5. Suppose 0 = 5*i - 4*i + 203. Let h = i - k. Is h a prime number?
False
Let f(a) = 10*a - 11. Is f(9) a composite number?
False
Let h = -172 + 449. Is h a prime number?
True
Let l(x) = 61*x**2 - 3*x - 5. Is l(4) a composite number?
True
Suppose -8*w = -4*w - 1876. Is w composite?
True
Suppose -h = -5*h + 376. Let n = h + 97. Is n composite?
False
Suppose 5*n - 14 = 4*j - j, j = -n - 2. Suppose -22 = -3*p - n. Is 621/p - 4/(-14) a composite number?
False
Let f(p) = 2*p - 3. Let h be f(2). Let t(n) = -3*n + 10. Let c be t(7). Is (1 + h)/((-2)/c) composite?
False
Let t = -487 + 744. Is t a composite number?
False
Suppose 125 = s + 4*s. Let x = s - 16. Suppose -4*m = -83 - x. Is m a prime number?
True
Let c be 5*-24*6/(-45). Is 74/6 + c/24 a prime number?
True
Let b be -1 + 4/((-12)/(-57)). Suppose 5*l = 2*l + b. Is l composite?
True
Let x be (-2)/(-7) - (-26)/7. Suppose -4*f + 9 = 3*p, -x*f + 0*f - 2*p + 6 = 0. Suppose 5*g + 2*r + f*r - 719 = 0, -9 = 3*r. Is g a prime number?
False
Suppose 0*a - 8 = -4*a. Is (249/15)/(a/10) composite?
False
Is 5 + -1 - (-472 + -9) composite?
True
Let a(u) = -53*u + 119. Is a(-8) a composite number?
True
Let w = -13 + 15. Suppose 53 = -w*k + 311. Is k a composite number?
True
Is 8/(-36) - 1721/(-9) composite?
False
Let g be 5/4 + 3/4. Suppose -3*p = -g*p - 33. Is p prime?
False
Let l(z) = -3*z - 1. Let p be l(-5). Let r be (-7)/p + 371/2. Suppose 0 = 2*u - 7*u + r. Is u composite?
False
Suppose -5*h - 3*a = -h - 829, 0 = 5*a + 25. Is h composite?
False
Let q = 336 - 201. Suppose -v = -b - b + 250, -2*v = b - q. Is b composite?
False
Suppose 31 + 37 = y. Suppose y = -5*f + 238. Is f prime?
False
Let m(b) = 20*b + 9. Is m(4) composite?
False
Let w = -7 + 4. Let p = 2 + w. Is (-5)/(-2)*(5 - p) composite?
True
Is 661/2 - 1/(-2) a prime number?
True
Let u(y) = -2 + y - 3*y - 5*y**3 + 3*y**3 + 2*y**2 + 3*y**3. Let w be u(-2). Suppose -3*x - 218 = -4*r - x, 3*x = w*r - 115. Is r composite?
False
Suppose -2*d = 5*g - 0*d - 31, 0 = -5*g + 4*d + 13. Suppose -2*y - 3*k = 0, -g*k - 10 = y - k. Suppose y*p = 2*p + 508. Is p prime?
True
Suppose 3390 = 8*u - 3986. Is u a prime number?
False
Suppose 3*g - 1185 - 708 = 0. Is g composite?
False
Let y = 464 - 213. Is y composite?
False
Let u(n) = 2*n + 3. Let c be u(5). Let f = -6 + c. Let k(t) = 4*t + 3. Is k(f) composite?
False
Suppose -5*w + 3*u + 6430 = -0*u, -6395 = -5*w - 4*u. Is w a composite number?
False
Suppose -3 + 23 = 4*d. Is d + -2 - (-3 - 121) a composite number?
False
Suppose 10 = 5*r - t - 3, 0 = 2*t + 6. Suppose 3*z + 0*z = -3*q + 27, 4*z = -r*q + 26. Suppose -m - m = 5*i - 29, 3*m + z*i = 33. Is m a composite number?
False
Let q(l) be the second derivative of l**5/30 - 5*l**4/24 - 2*l**3/3 - l**2 + l. Let p(n) be the first derivative of q(n). Is p(5) a composite number?
True
Let m(q) = q**2 - 9*q + 12. Let t be m(9). Suppose 0*d - b - 11 = -3*d, -4*d = -2*b - t. Let h(n) = 2*n**2 + 4*n + 7. Is h(d) composite?
True
Let v(t) = 14*t + 3. Suppose -3 = 3*h + 4*q - 19, -5*q = 3*h - 17. Is v(h) a composite number?
False
Suppose 3*b - 305 = -56. Suppose p = b - 14. Is p composite?
True
Let t be (-5)/(2 + -1) + 1. Let s = t + 1. Is ((-356)/12)/(1/s) composite?
False
Let s = 48 - 29. Suppose -s = -4*m + 3*m. Is m composite?
False
Let x(y) = -y**2 + 3*y + 3. Let k be x(3). Is 1167/k + 6/3 prime?
False
Suppose 0 = 2*a + 4*a - 5442. Is a composite?
False
Let p(o) = -o**3 - o**2 + 7. Let s be p(0). Let d(i) = -4 + s*i - 5 + 6*i. Is d(6) a composite number?
True
Suppose 2*g = 7*g - 5. Let v(c) = 184*c**3 + c**2 + c - 1. Let k be v(g). Suppose 6*z - k = z. Is z composite?
False
Suppose -5*u = -3696 - 3309. Is u composite?
True
Suppose 0 = l + l - 106. Is l a prime number?
True
Let o(u) = 2*u + 1. Let i be o(-1). Let v be ((-1)/2)/(i/2). Let h = 12 + v. Is h prime?
True
Let k(m) = m - 9. Let u be k(5). Let d = 3 + u. Is ((-5)/(-2))/(d/(-10)) composite?
True
Suppose a = -0*a - 3. Is (1 + 266)*(-1)/a a composite number?
False
Let y(l) = 8*l**3 - 5*l**2 + l - 15. Is y(3) composite?
True
Let f(n) = -3*n**3 - n**2. Let v be f(-1). Suppose 0 = 2*m - 6*m - l + 13, -14 = -4*m - v*l. Suppose -685 + 238 = -m*b. Is b composite?
False
Let r(w) = -112*w - 3. Let t be r(-3). Let k = t + -191. Let f = -63 + k. Is f prime?
True
Is 1 - (-9)/((-18)/(-5252)) a composite number?
True
Let i = 1242 - 341. Is i a composite number?
True
Let v(l) = 9*l**3 - l**2 - 2*l + 3. Let p(q) = q**2 + 8*q + 2. Let y be p(-8). Is v(y) composite?
False
Let q be -5*((-4)/10 - -1). Let u(s) = 3*s**2 - 3*s + 1. Is u(q) composite?
False
Let f = 7 + -1. Let b = 31 - 80. Is (f/1)/((-14)/b) a composite number?
True
Suppose 5*p + 96 - 1021 = 0. Is p prime?
False
Let h = -3 - -4. Let q be (-3)/(-1)*h/(-3). Is 48 + 2 + q + -2 a composite number?
False
Let q = -2 + 6. Suppose -q*u + 3*l = -83 - 437, -649 = -5*u + 4*l. Is u a prime number?
False
Is (-4 + (-264 - 1))*(-5)/1 a composite number?
True
Let a = 17 + -12. Suppose 7*h - 3*h - 105 = -a*d, -h + 20 = d. Is d a prime number?
False
Let c(p) = -2*p + 3. Let w be c(-3). Is 25/(-1)*w/(-15) prime?
False
Let x = 655 - 934. Let s = 448 + x. Is s composite?
True
Let h(y) = -y**3 - 10*y**2 + 3*y + 10. Let t be h(-10). Is (-12)/3*635/t composite?
False
Suppose -2*k + 5*q - q = 96, 3*q = -2*k - 124. Let s = -23 - k. Is s prime?
False
Let w = 54 + 131. Is w composite?
True
Suppose -4*f + 68 = -80. Is f a prime number?
True
Let b(o) = o + 19. Let g be b(-17). Suppose -j = g*j - 255. Is j a prime number?
False
Suppose 4*l - 20 = 0, 3*z - 6*l = -2*l + 451. Is z a composite number?
False
Let u(q) = q**3 - 7*q**2 + q - 5. Let x be u(7). Suppose x = f, 0*f + 14 = 2*p + 5*f. Suppose 5*z = 4*t - 143, 5*t - z - 182 = p*z. Is t prime?
True
Let x be 18/8 + (-4)/16. Let l(y) = 2*y - 6*y + 2*y**x + 7 - 3*y. Is l(6) composite?
False
Suppose 6*y = 5*y + 128. Suppose -2*t = -3*h - 53, -5*t + h + y = -2*h. Is t a composite number?
True
Is ((-3820)/8)/5*-14 composite?
True
Let n = 1193 - 558. Is n composite?
True
Suppose -16815 = -28*i + 18269. Is i composite?
True
Let y = -899 + 1670. Suppose 0*h - 4*k = 3*h - y, 0 = -h + k + 250. Is h a composite number?
True
Suppose -h + 530 = h + g, 5*h = -g + 1325. Is h composite?
True
Let t = -2480 + 4047. Is t a composite number?
False
Let w(k) = -k**3 + 8*k**2 - 8*k + 3. Sup